1, -v + g*j + t = 0. What are the prime factors of v?
3, 13
Let w = 0 - -1. What are the prime factors of 764 + w - 6*(-6)/(-36)?
2, 191
Suppose 10*q = -4088 - 3002. Let u = 1007 + q. What are the prime factors of u?
2, 149
Let a(q) = 5*q - 150. Let z be a(31). Suppose 0 = z*f + 15, -4986 + 2093 = -5*r - 4*f. List the prime factors of r.
7, 83
Suppose 0 = -3*a + 2 - 5. Let s(d) = 144*d**2 + d + 2. Let v be s(a). Suppose -u + 16 = 3*t - t, 5*u - v = 3*t. List the prime factors of u.
2, 13
Suppose 17*n + 4*i = 13*n + 126544, -4*i + 24 = 0. What are the prime factors of n?
2, 5, 3163
Suppose -23*q + 105738 - 10813 = 2*q. What are the prime factors of q?
3797
Let h = 7103 + -570. Let b = h + -1957. Suppose -12*j - b = -28*j. List the prime factors of j.
2, 11, 13
Let t = -278 - -401. Suppose -10*g + 97 = -t. List the prime factors of 19/7 + g/77 + 8.
11
Suppose -20 = -i + 5*o, -3*i - 3*o = -2*o + 4. Suppose 0 = -4*g - 3*t - 0*t + 915, i = 5*t - 5. Suppose u = g - 31. What are the prime factors of u?
197
Let t = 427 + -644. Let p = t - -399. List the prime factors of p.
2, 7, 13
List the prime factors of (-3)/(12/(-58280)) + (5 - -1).
2, 911
Let l(r) = -r**3 - 17*r**2 - 10*r - 25. Let z be l(-18). Suppose -5*v = -h + 2362, 7*v + 2*h = 6*v - z. List the prime factors of (29 + v)*1/(-3).
2, 37
Suppose -4*z = -v - 59975, 15*v + 59981 = 4*z + 12*v. What are the prime factors of z?
11, 29, 47
List the prime factors of ((-1)/2)/(1 - 11049/11046).
7, 263
List the prime factors of (-18)/39 - (-31828113)/1391.
3, 29, 263
Let b be -3*((-2)/(-30) + 4/(-10)). What are the prime factors of (7/14)/(b/258)?
3, 43
Let l be (1 + 13)/(120/660). Suppose 2*t + l = 201. List the prime factors of t.
2, 31
Let v(a) = a**2 + a - 6. Let t be 3/(-2) - (-7 - (-4)/8). What are the prime factors of v(t)?
2, 3
Suppose 4*h = 5*y - 65, 4*y + 6*h = 4*h + 26. Suppose y*b = -85 + 2128. What are the prime factors of b/4 + (-4)/(-16)?
3, 19
Let a(p) = -1278*p + 6443. List the prime factors of a(-17).
17, 1657
Let y be -23*2 - (10 + -8). List the prime factors of y/32*3*-48.
2, 3
List the prime factors of ((-10)/(-140))/(1/7) + 90801/6.
2, 7, 23, 47
Suppose 16*f - 46 + 14 = 0. Suppose 0 = -3*h + h - z + 693, 681 = f*h + 5*z. List the prime factors of h.
2, 3, 29
What are the prime factors of 5 - 23/(276/(-90504))?
7547
Suppose -8*z + 54096 = -99648. List the prime factors of z.
2, 3, 3203
Let i(k) = -k**2 + 22*k - 18. Let r = -22 - -43. Let y be i(r). Suppose a + 205 = 2*v, -304 = -0*v - y*v - 2*a. What are the prime factors of v?
2, 3, 17
Let l = -2162 + 11681. What are the prime factors of l?
3, 19, 167
Suppose i + 2*h = 22, 3*i + h - 3*h = 50. Let a(m) = -m**3 + 2*m**2 + 5*m + 1. Let z be a(4). Let t = i + z. List the prime factors of t.
7
Let w be 0 - (-6)/(6/(-5)). Let y be 3 + 4 + 90 + w. Suppose -87*z - 450 = -y*z. List the prime factors of z.
2, 3, 5
Let t = 2687 + -1665. Let z = t + -131. List the prime factors of z.
3, 11
Suppose -8*g - 110 = 3*g. List the prime factors of ((-3460)/(-6))/g*-3.
173
What are the prime factors of (5 + 198/(-42))*13062?
2, 3, 311
Let s = 39035 + -24489. What are the prime factors of s?
2, 7, 1039
Let w = 3525 + -751. Suppose -4*d = -5*t + 10700 - w, -t + 1585 = -d. List the prime factors of t.
2, 13, 61
Let n = -19 - -81. Let q = -56 + n. Suppose q*g - 10*g = -516. What are the prime factors of g?
3, 43
Let u = -926 - -456. Let x be ((-1)/(-2))/((-5)/u). Let r = 74 - x. List the prime factors of r.
3
Suppose -2*k + 6 = 4*m, m - 46*k - 3 = -47*k. Suppose m = -20*d - d + 15393. What are the prime factors of d?
733
Let b(n) = -36*n**3 - 13*n**2 - 71*n - 168. What are the prime factors of b(-8)?
2, 3, 5
Let f(n) = 2*n + 14. Let a be f(-6). Let r = 89 - a. What are the prime factors of r/(-2*12/(-16))?
2, 29
Let z = -9 - -11. Let m(s) = 3*s - 8. Let o be m(z). Let g(j) = -9*j**3 - 2*j**2 - 5*j - 4. What are the prime factors of g(o)?
2, 5, 7
Let c = 33079 - 15324. List the prime factors of c.
5, 53, 67
Let f = -32642 + 48126. List the prime factors of f.
2, 7, 79
Let j(q) = -5*q**3 - q + 8. What are the prime factors of j(-3)?
2, 73
Let q(j) = 54*j**2 - 25*j + 85. List the prime factors of q(10).
3, 5, 349
Let z be (-1)/(112/(-114) + 1). Let x = z + 147. What are the prime factors of x?
2, 3, 5
Let v = 42 - 42. Suppose 4*t = -4*s + 1232, 6*s - 10*s - 20 = v. List the prime factors of t.
313
Suppose -w = -5*k - 17 - 49, 4*k + 65 = w. Suppose 58*d - w*d = -69. What are the prime factors of d?
23
What are the prime factors of -14 + -11 + 6 + 822?
11, 73
Let h(f) be the second derivative of -f**5/20 - f**4/3 - 4*f**3/3 - 7*f**2/2 + 113*f - 2. What are the prime factors of h(-7)?
2, 7
Suppose 40*k - 468521 - 1080402 = -27163. List the prime factors of k.
2, 9511
Let n(p) be the third derivative of 1/8*p**4 + 37/6*p**3 - 21*p**2 + 0 + 0*p. What are the prime factors of n(11)?
2, 5, 7
List the prime factors of (-102329)/(-10) - (2/15 + 917/(-3930)).
3, 379
What are the prime factors of 504/((-51)/(-119)*(-14)/(-100))?
2, 3, 5, 7
List the prime factors of 1158*(-15)/(270/(-33)).
11, 193
Suppose 137*x - 2293632 = -44*x. List the prime factors of x.
2, 3, 11
Suppose -2*t + 0*t + 138 = 0. Suppose -3*x - 5*d + 649 - 41 = 0, -972 = -5*x + 2*d. Let r = x - t. List the prime factors of r.
127
Let p(g) = -g**3 + 10*g**2 - 15*g + 4. Let s = -1 - -15. Suppose -c + 3*y = -s, -5*c + 3*c = 2*y - 4. What are the prime factors of p(c)?
2, 3
Let b = -2099 - -11306. List the prime factors of b.
3, 11, 31
Let g be ((-8)/(-2))/2 + 10773/21. Let h = g - -472. Suppose -9*p + h = -129. List the prime factors of p.
2, 31
Let z be (-2)/(-9) - 7504/72. Let v = -53 - z. Let c = 49 + v. What are the prime factors of c?
2, 5
What are the prime factors of 612/(-357)*13006/(-6)?
2, 929
Let z be -2 + 4 + 549 + 8/2. Suppose 70*a - z = 67*a. List the prime factors of a.
5, 37
Let g(c) = -6*c**2 + 7*c - 2. Let v(a) = -7*a**2 + 7*a - 1. Let s(z) = 6*g(z) - 5*v(z). Let u be s(3). Suppose u*x = x + 12. What are the prime factors of x?
3
Let b(h) = -21*h + 13*h + h**2 - 32 + 2*h. What are the prime factors of b(-5)?
23
Let d be 28/(-16) - -2 - 15/(-4). Suppose 2*b + 48 = d*b. Suppose 4*x = 4*h - b, h - x - 16 = -2*x. What are the prime factors of h?
11
Let r be (-5 - 18/4)*-2. Suppose r*n - 19488 = -2*n. What are the prime factors of n?
2, 29
Suppose -55*o + 115805 = -32*o. List the prime factors of o.
5, 19, 53
Let c = -29 - -23. Let p be (c*(-1)/3)/1. Suppose 0*x = -p*x + 220. List the prime factors of x.
2, 5, 11
Suppose -14*m = u - 20*m - 895, 0 = -5*u + 4*m + 4319. What are the prime factors of u?
859
Let l be ((-1)/2)/((-36)/894240). Suppose -11*p = 9*p - l. What are the prime factors of p?
3, 23
Let u(z) = -1. Let v(m) = m**2 - 8*m - 2. Let s = 54 - 49. Let f(t) = s*u(t) - v(t). List the prime factors of f(4).
13
Let y be (-3 - 18/(-10))/(2/(-5)). Let a(d) = 61*d**2 - 11*d + 4. List the prime factors of a(y).
2, 5, 13
Let n(u) = u**3 + 12*u**2 + 23*u + 159. Let g be n(-10). Let z = g + 962. What are the prime factors of z?
1091
Suppose -u - 2*u = -219. Let n = u - 80. What are the prime factors of (-3)/9*(1 + n) + 157?
3, 53
Let x be 22/(-99) - (-20)/9. Suppose -5*d - 9 = -3*g + 28, -x*d = 10. Suppose 256 = g*j + m, -3*j - 2*m = -0*m - 197. What are the prime factors of j?
3, 7
Suppose -12030 + 78894 = 14*t. List the prime factors of t.
2, 3, 199
Let t(y) be the first derivative of -3*y**5/20 - 5*y**4/24 - 17*y**3/3 + 7. Let m(c) be the third derivative of t(c). List the prime factors of m(-2).
31
Suppose 12*j - 31*j = j - 222040. List the prime factors of j.
2, 7, 13, 61
Suppose -64*f + 2*r - 108840 = -68*f, -2*f + 54450 = -4*r. List the prime factors of f.
3, 47, 193
Let z = -21 - -24. Let x(b) = -22 - 2*b**2 + 14 + 3*b + 0*b**2 + 10 - 2*b**z. List the prime factors of x(-2).
2
Suppose 280*p - 997470 = 250*p. What are the prime factors of p?
3, 11083
List the prime factors of 1264/80 - 15 - 39/5 - -7574.
7, 23, 47
Let q = 5933 - 1158. List the prime factors of q.
5, 191
Let o be 66 + (-5 - (-3 - 1)). Suppose o = b + 4. Let d = b + -10. What are the prime factors of d?
3, 17
Suppose -29 = -2*f + 4*i - 5, -35 = -5*f + 5*i. Let w = f + 106. List the prime factors of w.
2, 3
Suppose 131